What is the thousands digit of 293077?
3
What is the hundreds digit of 663265?
2
What is the hundreds digit of 2195708?
7
What is the tens digit of 4372531?
3
What is the thousands digit of 118542?
8
What is the thousands digit of 18621?
8
What is the millions digit of 16477682?
6
What is the thousands digit of 534473?
4
What is the units digit of 439260?
0
What is the hundred thousands digit of 7114230?
1
What is the ten thousands digit of 57836?
5
What is the units digit of 8597457?
7
What is the ten millions digit of 32081773?
3
What is the ten thousands digit of 2946968?
4
What is the hundred thousands digit of 327588?
3
What is the hundred thousands digit of 1888693?
8
What is the tens digit of 845187?
8
What is the hundreds digit of 923223?
2
What is the tens digit of 765890?
9
What is the thousands digit of 7513049?
3
What is the ten thousands digit of 180795?
8
What is the hundred thousands digit of 538903?
5
What is the millions digit of 6316465?
6
What is the hundreds digit of 101546?
5
What is the ten millions digit of 14751683?
1
What is the hundreds digit of 85377?
3
What is the hundreds digit of 3294599?
5
What is the hundred thousands digit of 189042?
1
What is the hundreds digit of 59846?
8
What is the tens digit of 183518?
1
What is the ten thousands digit of 804666?
0
What is the ten millions digit of 12349369?
1
What is the thousands digit of 803169?
3
What is the tens digit of 79546?
4
What is the tens digit of 932551?
5
What is the tens digit of 345919?
1
What is the millions digit of 37402755?
7
What is the tens digit of 36434?
3
What is the ten thousands digit of 15203174?
0
What is the hundreds digit of 24738967?
9
What is the thousands digit of 2455363?
5
What is the ten thousands digit of 14955186?
5
What is the hundred thousands digit of 3312484?
3
What is the hundred thousands digit of 4477581?
4
What is the hundred thousands digit of 216649?
2
What is the units digit of 866960?
0
What is the hundred thousands digit of 2008844?
0
What is the hundred thousands digit of 794891?
7
What is the hundred thousands digit of 987589?
9
What is the ten thousands digit of 7376309?
7
What is the units digit of 287625?
5
What is the units digit of 18753?
3
What is the ten thousands digit of 1995540?
9
What is the ten thousands digit of 6851587?
5
What is the ten thousands digit of 2825817?
2
What is the millions digit of 13636784?
3
What is the hundred thousands digit of 722688?
7
What is the millions digit of 5661465?
5
What is the millions digit of 1263054?
1
What is the units digit of 302425?
5
What is the hundreds digit of 612849?
8
What is the units digit of 2095594?
4
What is the units digit of 12377067?
7
What is the tens digit of 836577?
7
What is the millions digit of 8590245?
8
What is the tens digit of 18510856?
5
What is the ten thousands digit of 530392?
3
What is the hundred thousands digit of 234817?
2
What is the millions digit of 5453945?
5
What is the hundreds digit of 5511997?
9
What is the millions digit of 1622646?
1
What is the millions digit of 1469041?
1
What is the thousands digit of 1141686?
1
What is the units digit of 21740?
0
What is the units digit of 17873795?
5
What is the units digit of 1670438?
8
What is the thousands digit of 509064?
9
What is the hundreds digit of 1195444?
4
What is the units digit of 1492549?
9
What is the hundred thousands digit of 229424?
2
What is the units digit of 329157?
7
What is the thousands digit of 386684?
6
What is the tens digit of 58047?
4
What is the hundreds digit of 4906958?
9
What is the hundreds digit of 1644367?
3
What is the tens digit of 43261?
6
What is the ten thousands digit of 1275185?
7
What is the tens digit of 438116?
1
What is the units digit of 1086399?
9
What is the thousands digit of 319717?
9
What is the units digit of 550546?
6
What is the tens digit of 2387524?
2
What is the ten thousands digit of 15562597?
6
What is the ten thousands digit of 7113729?
1
What is the hundreds digit of 20476608?
6
What is the ten thousands digit of 464459?
6
What is the hundreds digit of 38247?
2
What is the hundreds digit of 177899?
8
What is the ten thousands digit of 1541543?
4
What is the hundreds digit of 11049014?
0
What is the hundred thousands digit of 598384?
5
What is the thousands digit of 719384?
9
What is the hundred thousands digit of 9618148?
6
What is the millions digit of 1038885?
1
What is the millions digit of 5885150?
5
What is the tens digit of 17865124?
2
What is the thousands digit of 278451?
8
What is the units digit of 3113984?
4
What is the thousands digit of 5237559?
7
What is the units digit of 2222923?
3
What is the thousands digit of 399959?
9
What is the tens digit of 601002?
0
What is the ten thousands digit of 2549529?
4
What is the millions digit of 2792923?
2
What is the tens digit of 838589?
8
What is the units digit of 3064686?
6
What is the thousands digit of 810320?
0
What is the tens digit of 588322?
2
What is the hundred thousands digit of 577399?
5
What is the hundreds digit of 21980?
9
What is the tens digit of 1247838?
3
What is the ten thousands digit of 393664?
9
What is the hundred thousands digit of 9420776?
4
What is the units digit of 12367616?
6
What is the tens digit of 3650385?
8
What is the ten thousands digit of 306936?
0
What is the hundreds digit of 303761?
7
What is the hundreds digit of 50668?
6
What is the ten thousands digit of 180519?
8
What is the millions digit of 16089606?
6
What is the ten thousands digit of 7329670?
2
What is the millions digit of 8407301?
8
What is the hundred thousands digit of 337578?
3
What is the tens digit of 98404?
0
What is the units digit of 83855?
5
What is the hundreds digit of 87155?
1
What is the hundreds digit of 2095036?
0
What is the millions digit of 10072504?
0
What is the millions digit of 1447526?
1
What is the ten thousands digit of 432605?
3
What is the units digit of 16224991?
1
What is the tens digit of 263734?
3
What is the hundred thousands digit of 1198548?
1
What is the hundreds digit of 925360?
3
What is the hundreds digit of 4814478?
4
What is the ten thousands digit of 891863?
9
What is the thousands digit of 3647911?
7
What is the hundred thousands digit of 156734?
1
What is the units digit of 676000?
0
What is the tens digit of 41521531?
3
What is the thousands digit of 22048011?
8
What is the hundreds digit of 264637?
6
What is the millions digit of 2777425?
2
What is the tens digit of 389348?
4
What is the units digit of 391925?
5
What is the hundreds digit of 40367649?
6
What is the thousands digit of 441420?
1
What is the ten thousands digit of 553925?
5
What is the thousands digit of 1839746?
9
What is the units digit of 24462791?
1
What is the tens digit of 1738219?
1
What is the hundred thousands digit of 623825?
6
What is the hundred thousands digit of 14238509?
2
What is the thousands digit of 263520?
3
What is the tens digit of 702914?
1
What is the units digit of 342749?
9
What is the ten thousands digit of 413493?
1
What is the thousands digit of 5562504?
2
What is the tens digit of 38791?
9
What is the hundred thousands digit of 196224?
1
What is the ten thousands digit of 493095?
9
What is the hundred thousands digit of 784913?
7
What is the thousands digit of 9199888?
9
What is the millions digit of 8405858?
8
What is the ten thousands digit of 9031594?
3
What is the thousands digit of 4997218?
7
What is the units digit of 196247?
7
What is the millions digit of 1098774?
1
What is the units digit of 207979?
9
What is the millions digit of 8544218?
8
What is the thousands digit of 6843442?
3
What is the units digit of 17498767?
7
What is the ten thousands digit of 81871?
8
What is the ten thousands digit of 562375?
6
What is the hundred thousands digit of 2953592?
9
What is the hundreds digit of 352811?
8
What is the units digit of 1204766?
6
What is the hundreds digit of 150585?
5
What is the ten thousands digit of 850881?
5
What is the ten thousands digit of 6603633?
0
What is the ten thousands digit of 512137?
1
What is the tens digit of 1412804?
0
What is the tens digit of 17323317?
1
What is the millions digit of 3705310?
3
What is the hundreds digit of 231205?
2
What is the tens digit of 30348?
4
What is the thousands di